 - (-1024 + 977).
-57
(-148 - (-5 - (-14 + 24))) + 12 + -25
-146
What is the value of (-10 - 1) + (3 - -55) + -43 + -11?
-7
Calculate -5 + 13 + (165 - 205) + -35.
-67
What is 5 + (11 - 4) + (-9 - (17 + 92))?
-106
17 + (-5 - (0 - 27 - (1 - (20 - 8))))
28
Calculate ((17 - 20) + (6 - 1) - -3) + (417 - 334).
88
Evaluate (2 - (2 + (-5 - -1))) + -56 + (-16 - -7).
-61
Evaluate 29 + -12 + 7 - -30 - -7.
61
What is -11 + (-12 - (-20 - -49)) - -1?
-51
(27 - (6 + 12)) + -9 + -6 + 2 + 30
26
Evaluate 15 - (-15 + (-6 - 2 - 1)).
39
Calculate -5 + (12 - 5) - (1 + -80) - (-10 - -12).
79
What is the value of -21 - (0 + -56) - 1?
34
Evaluate 37 - (37 - (7 - (-32 - -120))).
-81
What is 6 + (2 - -3) + 0 - (1 - (14 - 3))?
21
Calculate (100 + -60 - (2 - 13)) + 20 - 10.
61
What is 22 + 22 + -27 + 30 + -13?
34
What is 43 - 1 - ((23 - 6) + (46 - 68))?
47
Calculate -45 + (32 - (-102 + -25 + 43)).
71
What is the value of -79 - (54 - 57) - (11 + -1 + 6)?
-92
(5 - (-5 - 1)) + -61 + 90
40
Evaluate 2 + 4 + 0 + (-27 - -60).
39
What is (1 - -3) + 1 + 60 + -10 + -44 - -27?
38
Evaluate (14 - 11 - (-8 - -11)) + (-103 + -8 - -10).
-101
What is -1 - (1 + (-10 - (17 - 7 - 13)))?
5
What is the value of (6 - 8) + (-5 - (-7 - (11 - 6))) + -6?
-1
Evaluate -93 + (-27 - 84 - -107).
-97
-23 - 22 - (10 + -55)
0
What is (6 - -3 - (-30 + 58 + -28)) + -73?
-64
Evaluate -69 + (98 - -104 - 57).
76
What is the value of -59 + (-91 - -68) - -10?
-72
(-198 - -94) + 112 + -34
-26
What is the value of 13 + -2 - ((5 - 1) + 1 + -8 + 13)?
1
(-153 - 1) + (19379 - 19221)
4
What is the value of 120 - 125 - (-38 + -2 - 0) - (-19 + 10)?
44
-70 - -151 - (40 + 0)
41
Evaluate -1 - (-76 + 48 - -8).
19
Calculate (3 - 19) + 175 + (-273 - -181).
67
-2 + (-1 - -14) - (45 + 33 + -80 - 33)
46
12 - (-21 + 54 - -25)
-46
What is the value of -4 - 0 - -5 - (2 + 27 + (-255 - -233))?
-6
Calculate 185 - 252 - (-25 + -81).
39
What is the value of (85 - (35 + 13)) + -59 + 2 + -2 + -14?
-36
What is the value of -15 + (-7 + 0 - -11) + (6 - -20)?
15
Calculate (-30 - -17) + (-21 - (64 + 13)).
-111
Evaluate -13 + -9 - (-130 + 26 + -52 - 3).
137
What is 1 + (-19 - (25 + -5))?
-38
Evaluate -7 + (-60 - (-9 + 21) - (-11 - (-1 - 3))).
-72
What is the value of -80 - (-13 + -55) - 84?
-96
What is the value of 36 - (-9 - (-2 + 3) - (1420 - 1418))?
48
What is the value of (10 + 1 - (25 - 37)) + 6?
29
Evaluate 37 + (40 - (77 + -23)).
23
Evaluate -30 - (-17 + -18 + -1 + 23).
-17
Evaluate -17752 - -17806 - (-1 + (31 - 3)).
27
What is the value of -23 + 11 - -8 - (-93 + (-29 - 6))?
124
What is (19 - -15) + -14 - (-20 - 4)?
44
-4 + (-33 + 54 - 56)
-39
Evaluate (1 + 16 - (-109 - 7)) + 0 - (2 + -8).
139
Calculate 2 + 24 + -21 + -45 + -15.
-55
What is 7 + 5 + -1 + (91 - -2) + 33 + -31?
106
Evaluate -113 - (66 + (46 - 313)).
88
-10 - 0 - (-1155 - -1129 - (-2 + 0)) - -36
50
-85 - -77 - ((0 - 1) + -12)
5
What is the value of 0 + -15 - (-24 + (45 - 33) + 7) - 114?
-124
Evaluate ((16 - -25) + -16 - 79) + 51.
-3
Evaluate 7 + 8 + -9 + -122 + (203 - 190).
-103
(-2 + (5 - 7) - (3 + -33)) + (-23 - -26)
29
-84 + 4 - (-2817 + 2726)
11
1 + 47 - (-4 - (-44 + 23))
31
What is the value of 6 + -10 + 0 - (23 - (-7 + -13))?
-47
What is 122 - (0 + (2 - -24 - (-23 - -45)))?
118
Evaluate -18 + 24 + -6 + (-10 - -19 - -16).
25
Calculate -1 + 21 - (-12 - 31 - -13 - -12 - -13).
25
Evaluate 6 + -67 + 21 - (-8 + -4).
-28
Calculate 12 + -43 - 6 - (-39 - -28).
-26
-10 + 38 + -28 + 24 + 21
45
Evaluate -514 + 474 + (-11 - -14).
-37
Evaluate -12 + (1 - (-12 - 45) - 7) - 8.
31
What is -26 + 96 + -93 + 9 + (2 - 4)?
-16
What is the value of -2 - -5 - (13 + -23 - (-41 - -15))?
-13
What is -19 + (-8 - -4 - 6) + 106?
77
What is the value of -39 + (-4 + 8 - (-3 + 13 + -7))?
-38
Calculate 44 - ((40 - 17 - -6) + (2 - 21)).
34
What is -5 + (4 - 0) + (-60 + (-10 - -1) - -13)?
-57
What is 54 + -15 - 23 - 15 - 76?
-75
Calculate 10 + 42 + -24 + -34 + -36.
-42
What is the value of (18 - -3) + (-25 - -21) - (175 + -152)?
-6
Calculate (5 - 0) + 2442 + -2401.
46
What is the value of (-93 - (54 - 106)) + -13?
-54
What is the value of 1965 + -2014 - (-2 - 28)?
-19
What is (-19 - -19) + 14 + 5 - 49?
-30
(12 + 0 - (-22 - -59 - 37)) + -6
6
What is the value of 208 + -123 - (-11 - -80)?
16
What is (-76 - -89) + (-1 - 13)?
-1
761 + -960 + 87 + 1
-111
Calculate -71 - (4 - (25 + -24) - 15).
-59
What is (-21 - -12) + (-13 - -62) - (10 + 4 + -1)?
27
What is -74 + (16 - -39) - (-42 + 4)?
19
Evaluate -5 + (2 - -11 - (-19 + (-16 - -35))) + 3.
11
What is 32 - (-69 - -186) - (-7 + -22)?
-56
Calculate 50 + (-49 - -24) + 2.
27
What is the value of -20 + (-9 - (22 - 11)) + 12?
-28
Calculate (-15 - -10 - -8) + 62 - 1 - 12.
52
Evaluate 4 + 1 + 19 + -3 + -2820 + 2909.
110
What is the value of (11 - (10 + (-30 - -18) + 17)) + -27?
-31
Calculate 61 + (94 - 163) - 82.
-90
What is 86 - (-5 - (-22 - ((5 - 12) + 0)) - -1)?
75
Evaluate 34 - (15 - (41 - 23 - 28)).
9
2 + 124 + (17 + -1 - (-27 - (-104 - -57)))
122
What is the value of (58 - -2) + -310 + (-17 - -337)?
70
What is the value of (-7 - 3) + 8 + (6 - (15 - -2)) + 101?
88
What is (94 - 73 - -13) + -1?
33
What is the value of -18 - (16 + -74 - 5) - 9?
36
Calculate -6 + 18 + -2 + -23 + 1 - (39 - -5).
-56
Calculate 84 - (34 + 6) - 42 - (1 - 1).
2
Calculate (-6 - -5) + 7 + (-74 - -11) + 13.
-44
What is 2 + 2 - (6 + 21) - (-44 + 32)?
-11
What is 0 + (-23 - -11 - -12) + (9 + -8 - 95)?
-94
(34 + -18 - 17) + (0 - -20)
19
What is the value of 24 + 19 + 21 - 101?
-37
Evaluate 6293 - 6486 - (-94 + -2).
-97
Evaluate 109 + (88 - (117 - -75)).
5
What is -23 - ((7 - -2 - -6) + 5)?
-43
What is -26 + (-111 + 44 - -63)?
-30
(-5 - -4 - (-3 - -13)) + -11 - (13 - 14)
-21
Calculate (-4 - 5) + (-27 - 14 - -70).
20
36 + -57 - (-14 + -24) - (13 - -80)
-76
-65 - (10 - -20 - 96)
1
What is the value of 228 - 252 - (-6 + -7 - 0)?
-11
(6392 - 6346) + (3 - -4) + 0 + 4
57
Evaluate 1347 + -1442 + (152 - -1).
58
6 + -12 - -11 - (192 + -178) - (-44 + 0)
35
What is -1 + (105 - (18 + -19 + 12 - (-4 + 17)))?
106
Evaluate (-566 - (109 + -639)) + (-2 - (-2 + (-1 - -2))).
-37
What is 6 + -9 + -1 + 11 + -78 + 77 + -30?
-24
What is the value of 7 + 0 - ((1208 - 1221) + (10 - 0)) - 92?
-82
What is the value of -6 - (5 - (-3 - -3)) - (-246 - -344)?
-109
(-22 - -27) + (5 - 4 - -61 - (-56 + 68))
55
What is the value of 144 + 26 + -75 - (1 + -1 + 9 + -4)?
90
Evaluate -8 + 20 + 11 + 1 + -8 + (9 - 11).
14
(-4 - (7 + -8 + -1 - -9)) + 66
55
Evaluate (-13 + (3 - 6) + 68 - -16) + -6.
62
Evaluate 65 - (-55 - -17 - -146).
-43
What is the value of -8 - (1005 + -1023 - ((0 - 2) + -2))?
6
What is -8 + 20 + -55 - ((-12 - -18) + -4 + 7)?
-52
What is the value of -50 + 27 + -21 + (15 - 12)?
-41
What is 32 + (16 + (2 - (-6 - -13)) - 11 - -2)?
34
Calculate (-10 + (-22 - -23) - -6) + 29.
26
Calculate -66 + -2 + 32 + 53.
17
What is the value of (2 + 12 - 11 - 6) + (-2 - -1) + 25?
21
(31 + 42 - 52) + -54
-33
What is 0 + 33 + (3 - 37) - -104?
103
What is (5 - -2) + (13 - -53 - 19) + -7?
47
2 - (-39 - -20 - (-3 - 2) - (-4 - -12))
24
Calculate 16 + 34 + 74 + -108 - (-2 + -15 + -1).
34
What is -36 - 97 - (-15 + 24 + -1 - 28)?
-113
Evaluate (6 + 7 - 12) + (12 - 8 - -18).
23
What is the value of -63 + 115 - (30 + 100)?
-78
Calculate 39 - (-17 + -50 + 79).
27
Evaluate -1697 + 1715 + (29 - 0).
47
32 + -40 + (-109 - -105) + 0 + (-1 - 49)
-62
What is 2 + -2 - -92 - ((-28 - -328) + -276)?
68
Calculate -103 - -51 - -21 - ((-27 - -28) + (0 - -4)).
-36
3 + 61 - (26 + -10) - (0 + (-10 - -5))
53
What is (-8 - (-11 + 4 + -3) - 1) + 32?
33
Calculate (-1 - -8 - (-1 - 2)) + (-505 - -489) + 41.
35
What is the value of -74 + 12 + (45 - 60) - (0 + 7)?
-84
Calculate -10 - -2 - (15 + (8 - (-21 - -25)) + -22).
-5
-1 + 3 - 9 - -8 - (-7 + 24)
-16
What is the value of -87 + 72 + 87 + -75?
-3
What is the value of 23 + (-155 - -136) + 2 + -15?
-9
-27 + 12 + 15 - 6
-6
What is -152 + -50 + 29 + 69?
-104
Calculate 50 + 32 + -37 - 26.
19
What is 36396 + -36335 + -10 + (0 - (1 + -3))?
53
Calculate (-85 - -29) + 41 - -13 - (-65 - -2 - 1).
62
-25 - -82 - (-9 - 21)
87
What is (0 - -29) + (-4268 - -4269)?
30
(9 - -114 - 86) + -26
11
Calculate 57 - ((-11 - -3) + -4 - (76 - 79)) - -4.
70
What is the value of -7 + 15 - 84 - -12?
-64
Calculate -22 + (-27 + -3 - (-251 + 156)).
